{"id":320,"date":"2025-01-20T17:27:55","date_gmt":"2025-01-20T20:27:55","guid":{"rendered":"http:\/\/br614.teste.website\/~age67481\/optix\/?page_id=320"},"modified":"2025-03-10T17:59:52","modified_gmt":"2025-03-10T20:59:52","slug":"optix-nuvem","status":"publish","type":"page","link":"http:\/\/br614.teste.website\/~age67481\/optix\/optix-nuvem\/","title":{"rendered":"Optix Nuvem"},"content":{"rendered":"\t\t<div data-elementor-type=\"wp-page\" data-elementor-id=\"320\" class=\"elementor elementor-320\">\n\t\t\t\t\t\t<section class=\"elementor-section elementor-top-section elementor-element elementor-element-962aab3 elementor-section-full_width elementor-section-height-default elementor-section-height-default\" data-id=\"962aab3\" data-element_type=\"section\" data-settings=\"{&quot;background_background&quot;:&quot;classic&quot;}\">\n\t\t\t\t\t\t\t<div class=\"elementor-background-overlay\"><\/div>\n\t\t\t\t\t\t\t<div class=\"elementor-container elementor-column-gap-default\">\n\t\t\t\t\t<div class=\"elementor-column elementor-col-100 elementor-top-column elementor-element elementor-element-d8caf3f\" data-id=\"d8caf3f\" data-element_type=\"column\">\n\t\t\t<div class=\"elementor-widget-wrap elementor-element-populated\">\n\t\t\t\t\t\t<section class=\"elementor-section elementor-inner-section elementor-element elementor-element-0bab7fb elementor-section-boxed elementor-section-height-default elementor-section-height-default\" data-id=\"0bab7fb\" data-element_type=\"section\">\n\t\t\t\t\t\t<div class=\"elementor-container elementor-column-gap-default\">\n\t\t\t\t\t<div class=\"elementor-column elementor-col-50 elementor-inner-column elementor-element elementor-element-1453a99\" data-id=\"1453a99\" data-element_type=\"column\">\n\t\t\t<div class=\"elementor-widget-wrap elementor-element-populated\">\n\t\t\t\t\t\t<div class=\"elementor-element elementor-element-b92bb2c animated-fast elementor-widget__width-initial elementor-widget-mobile__width-initial elementor-invisible elementor-widget elementor-widget-heading\" data-id=\"b92bb2c\" data-element_type=\"widget\" data-settings=\"{&quot;_animation&quot;:&quot;fadeInLeft&quot;}\" data-widget_type=\"heading.default\">\n\t\t\t\t<div class=\"elementor-widget-container\">\n\t\t\t\t\t<h2 class=\"elementor-heading-title elementor-size-default\">OPTIX NUVEM:\nARMAZENAMENTO<\/h2>\t\t\t\t<\/div>\n\t\t\t\t<\/div>\n\t\t\t\t\t<\/div>\n\t\t<\/div>\n\t\t\t\t<div class=\"elementor-column elementor-col-50 elementor-inner-column elementor-element elementor-element-47c5036\" data-id=\"47c5036\" data-element_type=\"column\">\n\t\t\t<div class=\"elementor-widget-wrap elementor-element-populated\">\n\t\t\t\t\t\t<div class=\"elementor-element elementor-element-cf3b38e elementor-align-right animated-fast elementor-mobile-align-left elementor-invisible elementor-widget elementor-widget-button\" data-id=\"cf3b38e\" data-element_type=\"widget\" data-settings=\"{&quot;_animation&quot;:&quot;fadeInRight&quot;}\" data-widget_type=\"button.default\">\n\t\t\t\t<div class=\"elementor-widget-container\">\n\t\t\t\t\t\t\t\t\t<div class=\"elementor-button-wrapper\">\n\t\t\t\t\t<a class=\"elementor-button elementor-button-link elementor-size-sm\" href=\"https:\/\/api.whatsapp.com\/send?phone=555130721816\">\n\t\t\t\t\t\t<span class=\"elementor-button-content-wrapper\">\n\t\t\t\t\t\t\t\t\t<span class=\"elementor-button-text\">SOLICITE UMA DEMO<\/span>\n\t\t\t\t\t<\/span>\n\t\t\t\t\t<\/a>\n\t\t\t\t<\/div>\n\t\t\t\t\t\t\t\t<\/div>\n\t\t\t\t<\/div>\n\t\t\t\t\t<\/div>\n\t\t<\/div>\n\t\t\t\t\t<\/div>\n\t\t<\/section>\n\t\t\t\t\t<\/div>\n\t\t<\/div>\n\t\t\t\t\t<\/div>\n\t\t<\/section>\n\t\t\t\t<section class=\"elementor-section elementor-top-section elementor-element elementor-element-78075a0 elementor-section-boxed elementor-section-height-default elementor-section-height-default\" data-id=\"78075a0\" data-element_type=\"section\" data-settings=\"{&quot;background_background&quot;:&quot;classic&quot;}\">\n\t\t\t\t\t\t<div class=\"elementor-container elementor-column-gap-default\">\n\t\t\t\t\t<div class=\"elementor-column elementor-col-50 elementor-top-column elementor-element elementor-element-4923482\" data-id=\"4923482\" data-element_type=\"column\">\n\t\t\t<div class=\"elementor-widget-wrap elementor-element-populated\">\n\t\t\t\t\t\t<div class=\"elementor-element elementor-element-2ecd100 animated-fast elementor-widget__width-initial elementor-invisible elementor-widget elementor-widget-text-editor\" data-id=\"2ecd100\" data-element_type=\"widget\" data-settings=\"{&quot;_animation&quot;:&quot;fadeInLeft&quot;}\" data-widget_type=\"text-editor.default\">\n\t\t\t\t<div class=\"elementor-widget-container\">\n\t\t\t\t\t\t\t\t\t<p>O Optix Nuvem uma ferramenta de armazenamento de dados em nuvem que n\u00e3o apenas reduz os custos operacionais, mas tamb\u00e9m garante a seguran\u00e7a e prote\u00e7\u00f5es dos dados, realizando backups autom\u00e1ticos e permitindo acesso \u00e1gil \u00e0s informa\u00e7\u00f5es dos pacientes.<\/p>\t\t\t\t\t\t\t\t<\/div>\n\t\t\t\t<\/div>\n\t\t\t\t\t<\/div>\n\t\t<\/div>\n\t\t\t\t<div class=\"elementor-column elementor-col-50 elementor-top-column elementor-element elementor-element-5087cab animated-fast elementor-invisible\" data-id=\"5087cab\" data-element_type=\"column\" data-settings=\"{&quot;animation&quot;:&quot;fadeInLeft&quot;}\">\n\t\t\t<div class=\"elementor-widget-wrap\">\n\t\t\t\t\t\t\t<\/div>\n\t\t<\/div>\n\t\t\t\t\t<\/div>\n\t\t<\/section>\n\t\t\t\t<section class=\"elementor-section elementor-top-section elementor-element elementor-element-f17d97f animated-fast elementor-section-boxed elementor-section-height-default elementor-section-height-default elementor-invisible\" data-id=\"f17d97f\" data-element_type=\"section\" data-settings=\"{&quot;animation&quot;:&quot;fadeInUp&quot;}\">\n\t\t\t\t\t\t<div class=\"elementor-container elementor-column-gap-default\">\n\t\t\t\t\t<div class=\"elementor-column elementor-col-25 elementor-top-column elementor-element elementor-element-6e923f5\" data-id=\"6e923f5\" data-element_type=\"column\" data-settings=\"{&quot;background_background&quot;:&quot;classic&quot;}\">\n\t\t\t<div class=\"elementor-widget-wrap elementor-element-populated\">\n\t\t\t\t\t\t<section class=\"elementor-section elementor-inner-section elementor-element elementor-element-457b8cd elementor-section-height-min-height elementor-section-boxed elementor-section-height-default\" data-id=\"457b8cd\" data-element_type=\"section\">\n\t\t\t\t\t\t<div class=\"elementor-container elementor-column-gap-default\">\n\t\t\t\t\t<div class=\"elementor-column elementor-col-100 elementor-inner-column elementor-element elementor-element-7dfd5ea\" data-id=\"7dfd5ea\" data-element_type=\"column\">\n\t\t\t<div class=\"elementor-widget-wrap elementor-element-populated\">\n\t\t\t\t\t\t<div class=\"elementor-element elementor-element-8472977 elementor-view-default elementor-widget elementor-widget-icon\" data-id=\"8472977\" data-element_type=\"widget\" data-widget_type=\"icon.default\">\n\t\t\t\t<div class=\"elementor-widget-container\">\n\t\t\t\t\t\t\t<div class=\"elementor-icon-wrapper\">\n\t\t\t<div class=\"elementor-icon\">\n\t\t\t<svg xmlns=\"http:\/\/www.w3.org\/2000\/svg\" xmlns:xlink=\"http:\/\/www.w3.org\/1999\/xlink\" id=\"Layer_1\" x=\"0px\" y=\"0px\" viewBox=\"0 0 512.001 512.001\" style=\"enable-background:new 0 0 512.001 512.001;\" xml:space=\"preserve\"><g>\t<g>\t\t<g>\t\t\t<path d=\"M466.395,88.411C395.95,69.109,325.091,39.054,261.478,1.496c-3.379-1.995-7.572-1.995-10.95,0    C185.08,40.133,118.05,68.562,45.605,88.411c-4.68,1.281-7.924,5.535-7.924,10.388v110.046    c0,113.323,52.279,188.335,96.137,231.306c47.216,46.265,102.216,71.85,122.185,71.85c19.967,0,74.967-25.585,122.183-71.85    c43.857-42.97,96.133-117.982,96.133-231.306V98.798C474.319,93.946,471.075,89.692,466.395,88.411z M452.779,208.844    c0,105.843-48.761,175.838-89.669,215.92c-46.431,45.495-96.074,65.695-107.107,65.695c-11.033,0-60.679-20.2-107.111-65.695    c-40.907-40.083-89.67-110.077-89.67-215.92V106.974C128.5,87.304,193.018,59.853,256.005,23.25    c61.414,35.632,129.151,64.448,196.774,83.72V208.844z\"><\/path>\t\t\t<path d=\"M160.538,105.769c-2.18-5.535-8.433-8.254-13.969-6.073c-19.24,7.581-38.988,14.559-58.695,20.741    c-4.491,1.41-7.547,5.57-7.547,10.276v41.591c0,5.948,4.823,10.77,10.77,10.77s10.77-4.822,10.77-10.77v-33.72    c17.679-5.72,35.339-12.047,52.598-18.848C160,117.557,162.719,111.304,160.538,105.769z\"><\/path>\t\t\t<path d=\"M180.997,107.812c1.445,0,2.912-0.291,4.319-0.905l0.198-0.086c5.449-2.388,7.903-8.731,5.515-14.178    c-2.39-5.449-8.769-7.914-14.212-5.528l-0.174,0.075c-5.452,2.381-7.914,8.719-5.533,14.169    C172.877,105.405,176.842,107.812,180.997,107.812z\"><\/path>\t\t\t<path d=\"M384.322,347.283c-4.977-3.253-11.651-1.854-14.908,3.125c-8.875,13.584-19.287,26.592-30.951,38.659    c-9.592,9.922-19.986,19.17-30.893,27.485c-4.729,3.606-5.639,10.364-2.034,15.095c2.121,2.779,5.328,4.241,8.572,4.241    c2.278,0,4.573-0.719,6.523-2.207c11.765-8.971,22.975-18.944,33.317-29.642c12.611-13.044,23.881-27.124,33.499-41.849    C390.702,357.21,389.301,350.536,384.322,347.283z\"><\/path>\t\t\t<path d=\"M282.558,433.443l-0.618,0.364c-5.147,2.981-6.906,9.569-3.926,14.716c1.997,3.45,5.612,5.376,9.331,5.376    c1.83,0,3.688-0.467,5.385-1.452l0.713-0.419c5.133-3.006,6.857-9.603,3.851-14.736    C294.286,432.161,287.688,430.44,282.558,433.443z\"><\/path>\t\t\t<path d=\"M182.589,234.019c-6.613-6.614-15.408-10.254-24.762-10.254s-18.15,3.641-24.766,10.254    c-13.653,13.656-13.653,35.876,0,49.531l63.596,63.594c6.614,6.612,15.409,10.253,24.764,10.253s18.15-3.641,24.765-10.255    L378.947,214.38c13.652-13.659,13.652-35.876-0.002-49.527c-6.614-6.614-15.409-10.254-24.765-10.254    c-9.355,0-18.15,3.641-24.765,10.254L221.42,272.848L182.589,234.019z M344.647,180.085c2.545-2.545,5.932-3.946,9.534-3.946    c3.604,0,6.988,1.401,9.535,3.946c5.255,5.255,5.255,13.809-0.002,19.066l-132.759,132.76c-2.545,2.545-5.932,3.946-9.534,3.946    s-6.989-1.401-9.535-3.946l-63.594-63.592c-5.257-5.257-5.257-13.811-0.002-19.066c2.546-2.545,5.933-3.948,9.536-3.948    s6.988,1.401,9.533,3.946l46.445,46.446c2.021,2.019,4.759,3.154,7.616,3.154s5.595-1.134,7.614-3.154L344.647,180.085z\"><\/path>\t\t<\/g>\t<\/g><\/g><g><\/g><g><\/g><g><\/g><g><\/g><g><\/g><g><\/g><g><\/g><g><\/g><g><\/g><g><\/g><g><\/g><g><\/g><g><\/g><g><\/g><g><\/g><\/svg>\t\t\t<\/div>\n\t\t<\/div>\n\t\t\t\t\t\t<\/div>\n\t\t\t\t<\/div>\n\t\t\t\t<div class=\"elementor-element elementor-element-bae00a8 elementor-widget__width-initial elementor-widget elementor-widget-heading\" data-id=\"bae00a8\" data-element_type=\"widget\" data-widget_type=\"heading.default\">\n\t\t\t\t<div class=\"elementor-widget-container\">\n\t\t\t\t\t<h2 class=\"elementor-heading-title elementor-size-default\">SEGURAN\u00c7A<\/h2>\t\t\t\t<\/div>\n\t\t\t\t<\/div>\n\t\t\t\t<div class=\"elementor-element elementor-element-b412c31 elementor-widget__width-initial elementor-widget elementor-widget-heading\" data-id=\"b412c31\" data-element_type=\"widget\" data-widget_type=\"heading.default\">\n\t\t\t\t<div class=\"elementor-widget-container\">\n\t\t\t\t\t<h2 class=\"elementor-heading-title elementor-size-default\">Armazenamento seguro em nuvem dos exames realizados.<\/h2>\t\t\t\t<\/div>\n\t\t\t\t<\/div>\n\t\t\t\t\t<\/div>\n\t\t<\/div>\n\t\t\t\t\t<\/div>\n\t\t<\/section>\n\t\t\t\t\t<\/div>\n\t\t<\/div>\n\t\t\t\t<div class=\"elementor-column elementor-col-25 elementor-top-column elementor-element elementor-element-fee8897\" data-id=\"fee8897\" data-element_type=\"column\" data-settings=\"{&quot;background_background&quot;:&quot;classic&quot;}\">\n\t\t\t<div class=\"elementor-widget-wrap elementor-element-populated\">\n\t\t\t\t\t\t<section class=\"elementor-section elementor-inner-section elementor-element elementor-element-2413297 elementor-section-height-min-height elementor-section-boxed elementor-section-height-default\" data-id=\"2413297\" data-element_type=\"section\">\n\t\t\t\t\t\t<div class=\"elementor-container elementor-column-gap-default\">\n\t\t\t\t\t<div class=\"elementor-column elementor-col-100 elementor-inner-column elementor-element elementor-element-629b0b7\" data-id=\"629b0b7\" data-element_type=\"column\">\n\t\t\t<div class=\"elementor-widget-wrap elementor-element-populated\">\n\t\t\t\t\t\t<div class=\"elementor-element elementor-element-e53beb4 elementor-view-default elementor-widget elementor-widget-icon\" data-id=\"e53beb4\" data-element_type=\"widget\" data-widget_type=\"icon.default\">\n\t\t\t\t<div class=\"elementor-widget-container\">\n\t\t\t\t\t\t\t<div class=\"elementor-icon-wrapper\">\n\t\t\t<div class=\"elementor-icon\">\n\t\t\t<svg xmlns=\"http:\/\/www.w3.org\/2000\/svg\" id=\"Image\" height=\"512\" viewBox=\"0 0 64 64\" width=\"512\"><g><path d=\"m62 57h-36c-.65 0-1.128.613-.97 1.243l.424 1.695c.451 1.803 2.064 3.062 3.922 3.062h29.248c1.858 0 3.471-1.259 3.922-3.063l.424-1.695c.158-.629-.32-1.242-.97-1.242zm-3.376 4h-29.248c-1.873 0-2.037-1.9-2.095-2h33.438c-.06.104-.191 2-2.095 2z\"><\/path><path d=\"m58 55c.553 0 1-.448 1-1v-15c0-.552-.447-1-1-1h-28c-.553 0-1 .448-1 1v15c0 .552.447 1 1 1s1-.448 1-1v-14h26v14c0 .552.447 1 1 1z\"><\/path><path d=\"m50 55c.553 0 1-.448 1-1v-1c0-1.619-1.521-2.951-3.828-3.59.512-.673.828-1.501.828-2.41v-1c0-2.206-1.794-4-4-4s-4 1.794-4 4v1c0 .909.316 1.737.828 2.41-2.307.639-3.828 1.971-3.828 3.59v1c0 .552.447 1 1 1s1-.448 1-1v-1c0-.815 1.948-2 5-2s5 1.185 5 2v1c0 .552.447 1 1 1zm-4-8c0 1.103-.897 2-2 2s-2-.897-2-2v-1c0-1.103.897-2 2-2s2 .897 2 2z\"><\/path><path d=\"m34.624 26c1.858 0 3.471-1.259 3.922-3.063l.424-1.695c.158-.629-.32-1.242-.97-1.242h-36c-.65 0-1.128.613-.97 1.243l.424 1.695c.451 1.803 2.064 3.062 3.922 3.062zm-31.343-4h33.438c-.06.104-.191 2-2.095 2h-29.248c-1.873 0-2.037-1.9-2.095-2z\"><\/path><path d=\"m6 18c.553 0 1-.448 1-1v-14h26v14c0 .552.447 1 1 1s1-.448 1-1v-15c0-.552-.447-1-1-1h-28c-.553 0-1 .448-1 1v15c0 .552.447 1 1 1z\"><\/path><path d=\"m26 18c.553 0 1-.448 1-1v-1c0-1.619-1.521-2.951-3.828-3.59.512-.673.828-1.501.828-2.41v-1c0-2.206-1.794-4-4-4s-4 1.794-4 4v1c0 .909.316 1.737.828 2.41-2.307.639-3.828 1.971-3.828 3.59v1c0 .552.447 1 1 1s1-.448 1-1v-1c0-.815 1.948-2 5-2s5 1.185 5 2v1c0 .552.447 1 1 1zm-4-8c0 1.103-.897 2-2 2s-2-.897-2-2v-1c0-1.103.897-2 2-2s2 .897 2 2z\"><\/path><path d=\"m39 10.999h3v2h-3z\"><\/path><path d=\"m44 10.999h3v2h-3z\"><\/path><path d=\"m54 13.5v18.085l-1.293-1.293c-.391-.391-1.023-.391-1.414 0s-.391 1.023 0 1.414l3 3c.391.391 1.023.391 1.414 0l3-3c.391-.391.391-1.023 0-1.414s-1.023-.391-1.414 0l-1.293 1.293v-18.085c0-1.379-1.121-2.5-2.5-2.5h-4.5v2h4.5c.275-.001.5.224.5.5z\"><\/path><path d=\"m22 50.999h3v2h-3z\"><\/path><path d=\"m17 50.999h3v2h-3z\"><\/path><path d=\"m10 48.999v-16.586l1.293 1.293c.195.195.451.293.707.293s.512-.098.707-.293c.391-.391.391-1.023 0-1.414l-3-3c-.391-.391-1.023-.391-1.414 0l-3 3c-.391.391-.391 1.023 0 1.414s1.023.391 1.414 0l1.293-1.293v16.586c0 2.206 1.794 4 4 4h3v-2h-3c-1.103 0-2-.897-2-2z\"><\/path><\/g><\/svg>\t\t\t<\/div>\n\t\t<\/div>\n\t\t\t\t\t\t<\/div>\n\t\t\t\t<\/div>\n\t\t\t\t<div class=\"elementor-element elementor-element-069c450 elementor-widget__width-initial elementor-widget elementor-widget-heading\" data-id=\"069c450\" data-element_type=\"widget\" data-widget_type=\"heading.default\">\n\t\t\t\t<div class=\"elementor-widget-container\">\n\t\t\t\t\t<h2 class=\"elementor-heading-title elementor-size-default\">ACESSO REMOTO E FLEX\u00cdVEL<\/h2>\t\t\t\t<\/div>\n\t\t\t\t<\/div>\n\t\t\t\t<div class=\"elementor-element elementor-element-f388be2 elementor-widget__width-initial elementor-widget elementor-widget-heading\" data-id=\"f388be2\" data-element_type=\"widget\" data-widget_type=\"heading.default\">\n\t\t\t\t<div class=\"elementor-widget-container\">\n\t\t\t\t\t<h2 class=\"elementor-heading-title elementor-size-default\">Permite acesso aos exames de qualquer lugar e a qualquer momento, bastando uma conex\u00e3o com a internet.<\/h2>\t\t\t\t<\/div>\n\t\t\t\t<\/div>\n\t\t\t\t\t<\/div>\n\t\t<\/div>\n\t\t\t\t\t<\/div>\n\t\t<\/section>\n\t\t\t\t\t<\/div>\n\t\t<\/div>\n\t\t\t\t<div class=\"elementor-column elementor-col-25 elementor-top-column elementor-element elementor-element-18b63c2\" data-id=\"18b63c2\" data-element_type=\"column\" data-settings=\"{&quot;background_background&quot;:&quot;classic&quot;}\">\n\t\t\t<div class=\"elementor-widget-wrap elementor-element-populated\">\n\t\t\t\t\t\t<section class=\"elementor-section elementor-inner-section elementor-element elementor-element-a6b5a08 elementor-section-height-min-height elementor-section-boxed elementor-section-height-default\" data-id=\"a6b5a08\" data-element_type=\"section\">\n\t\t\t\t\t\t<div class=\"elementor-container elementor-column-gap-default\">\n\t\t\t\t\t<div class=\"elementor-column elementor-col-100 elementor-inner-column elementor-element elementor-element-b49a7c1\" data-id=\"b49a7c1\" data-element_type=\"column\">\n\t\t\t<div class=\"elementor-widget-wrap elementor-element-populated\">\n\t\t\t\t\t\t<div class=\"elementor-element elementor-element-c0b315a elementor-view-default elementor-widget elementor-widget-icon\" data-id=\"c0b315a\" data-element_type=\"widget\" data-widget_type=\"icon.default\">\n\t\t\t\t<div class=\"elementor-widget-container\">\n\t\t\t\t\t\t\t<div class=\"elementor-icon-wrapper\">\n\t\t\t<div class=\"elementor-icon\">\n\t\t\t<svg xmlns=\"http:\/\/www.w3.org\/2000\/svg\" clip-rule=\"evenodd\" fill-rule=\"evenodd\" height=\"512\" stroke-linejoin=\"round\" stroke-miterlimit=\"2\" viewBox=\"0 0 24 24\" width=\"512\"><g id=\"Icon\"><path d=\"m17.61 16.251v-.001h-1.11c-.414 0-.75.336-.75.75s.336.75.75.75h1.11v-.001.001h.028.005c2.817-.018 5.107-2.359 5.107-5.25 0-2.681-1.97-4.889-4.502-5.21-1.182-1.833-3.213-3.04-5.516-3.04-2.898 0-5.367 1.914-6.254 4.578-.265-.051-.539-.078-.819-.078-2.428 0-4.409 2.011-4.409 4.5s1.981 4.5 4.409 4.5h1.841c.414 0 .75-.336.75-.75s-.336-.75-.75-.75h-1.841c-1.611 0-2.909-1.349-2.909-3s1.298-3 2.909-3c.375 0 .733.073 1.062.207.207.084.44.071.636-.034.197-.105.336-.292.381-.511.486-2.372 2.536-4.162 4.994-4.162 1.888 0 3.536 1.058 4.418 2.623.127.225.362.369.62.381 1.94.086 3.48 1.736 3.48 3.746 0 2.057-1.613 3.737-3.617 3.75z\"><\/path><path d=\"m12.75 19v-5.5c0-.414-.336-.75-.75-.75s-.75.336-.75.75v5.5c0 .414.336.75.75.75s.75-.336.75-.75z\"><\/path><path d=\"m10.53 15.53 1.47-1.469s1.47 1.469 1.47 1.469c.292.293.768.293 1.06 0 .293-.292.293-.768 0-1.06l-2-2c-.293-.293-.767-.293-1.06 0l-2 2c-.293.292-.293.768 0 1.06.292.293.768.293 1.06 0z\"><\/path><\/g><\/svg>\t\t\t<\/div>\n\t\t<\/div>\n\t\t\t\t\t\t<\/div>\n\t\t\t\t<\/div>\n\t\t\t\t<div class=\"elementor-element elementor-element-bd2bab9 elementor-widget__width-initial elementor-widget elementor-widget-heading\" data-id=\"bd2bab9\" data-element_type=\"widget\" data-widget_type=\"heading.default\">\n\t\t\t\t<div class=\"elementor-widget-container\">\n\t\t\t\t\t<h2 class=\"elementor-heading-title elementor-size-default\">BACKUPS AUTOM\u00c1TICOS<\/h2>\t\t\t\t<\/div>\n\t\t\t\t<\/div>\n\t\t\t\t<div class=\"elementor-element elementor-element-2852b8a elementor-widget__width-initial elementor-widget elementor-widget-heading\" data-id=\"2852b8a\" data-element_type=\"widget\" data-widget_type=\"heading.default\">\n\t\t\t\t<div class=\"elementor-widget-container\">\n\t\t\t\t\t<h2 class=\"elementor-heading-title elementor-size-default\">Faz automaticamente c\u00f3pias de seguran\u00e7a dos exames, eliminando a necessidade de processos manuais.<\/h2>\t\t\t\t<\/div>\n\t\t\t\t<\/div>\n\t\t\t\t\t<\/div>\n\t\t<\/div>\n\t\t\t\t\t<\/div>\n\t\t<\/section>\n\t\t\t\t\t<\/div>\n\t\t<\/div>\n\t\t\t\t<div class=\"elementor-column elementor-col-25 elementor-top-column elementor-element elementor-element-9104ed7\" data-id=\"9104ed7\" data-element_type=\"column\" data-settings=\"{&quot;background_background&quot;:&quot;classic&quot;}\">\n\t\t\t<div class=\"elementor-widget-wrap elementor-element-populated\">\n\t\t\t\t\t\t<section class=\"elementor-section elementor-inner-section elementor-element elementor-element-15ca4d0 elementor-section-height-min-height elementor-section-boxed elementor-section-height-default\" data-id=\"15ca4d0\" data-element_type=\"section\">\n\t\t\t\t\t\t<div class=\"elementor-container elementor-column-gap-default\">\n\t\t\t\t\t<div class=\"elementor-column elementor-col-100 elementor-inner-column elementor-element elementor-element-e9cc44d\" data-id=\"e9cc44d\" data-element_type=\"column\">\n\t\t\t<div class=\"elementor-widget-wrap elementor-element-populated\">\n\t\t\t\t\t\t<div class=\"elementor-element elementor-element-84b2e6f elementor-view-default elementor-widget elementor-widget-icon\" data-id=\"84b2e6f\" data-element_type=\"widget\" data-widget_type=\"icon.default\">\n\t\t\t\t<div class=\"elementor-widget-container\">\n\t\t\t\t\t\t\t<div class=\"elementor-icon-wrapper\">\n\t\t\t<div class=\"elementor-icon\">\n\t\t\t<svg xmlns=\"http:\/\/www.w3.org\/2000\/svg\" xmlns:svg=\"http:\/\/www.w3.org\/2000\/svg\" id=\"svg1144\" height=\"512\" viewBox=\"0 0 8.4666667 8.4666667\" width=\"512\"><g id=\"layer2\"><path id=\"circle2413\" d=\"m7.0119751 0c-.8057229-.00000003-1.4552081.65465289-1.4552083 1.4552083 0 .07766.00572.1555132.017571.2299602l-2.7801931 1.5161867c-.2917639-.3394994-.7233892-.5550051-1.2061279-.5550051-.88188637 0-1.5880168.7123316-1.5880168 1.5859498 0 .8736179.70613043 1.5880167 1.5880168 1.5880167.4845719 0 .914886-.2157764 1.2066447-.5555218l2.7796752 1.5172201c-.011853.074447-.017571.1523005-.017571.2299602.0000003.8005553.6458831 1.4546916 1.4552083 1.4546916.8064029 0 1.4546927-.6541363 1.4546927-1.4546916 0-.8005554-.6489687-1.4552083-1.4546916-1.4552083-.5378897 0-1.0038104.2886463-1.2571103.7195132l-2.6899357-1.4662375c.070626-.1793325.1111044-.3740515.1111044-.5777426 0-.20324-.040259-.3968332-.1105874-.5756757l2.6892414-1.4670938c.2532999.4308667.7186171.7203695 1.2572876.7203695.8034787 0 1.4546916-.6541361 1.4546916-1.4546916 0-.80055531-.6489687-1.45520826-1.4546916-1.4552083zm0 .52916668c.5073377.00000003.9255249.41146921.9255249.92604162 0 .5145726-.4182604.9255249-.9255249.925525-.5072645 0-.9260417-.4109524-.9260417-.925525 0-.51457251.4187039-.92604165.9260417-.92604162zm-5.4239583 2.64686682c.581434 0 1.0583333.468631 1.0583333 1.0562664 0 .5876351-.4758658 1.0588501-1.0583333 1.0588501-.5832503 0-1.05885013-.471215-1.05885013-1.0588501 0-.5876354.47741603-1.0562664 1.05885013-1.0562664zm5.4239583 2.9098999c.5104384 0 .9255249.4114692.9255249.9260417s-.4182604.9255249-.9255249.9255249-.9260417-.4109524-.9260417-.9255249.4156033-.9260417.9260417-.9260417z\"><\/path><\/g><\/svg>\t\t\t<\/div>\n\t\t<\/div>\n\t\t\t\t\t\t<\/div>\n\t\t\t\t<\/div>\n\t\t\t\t<div class=\"elementor-element elementor-element-140612f elementor-widget__width-initial elementor-widget elementor-widget-heading\" data-id=\"140612f\" data-element_type=\"widget\" data-widget_type=\"heading.default\">\n\t\t\t\t<div class=\"elementor-widget-container\">\n\t\t\t\t\t<h2 class=\"elementor-heading-title elementor-size-default\">COMPARTILHAMENTO<\/h2>\t\t\t\t<\/div>\n\t\t\t\t<\/div>\n\t\t\t\t<div class=\"elementor-element elementor-element-a6d43e6 elementor-widget__width-initial elementor-widget elementor-widget-heading\" data-id=\"a6d43e6\" data-element_type=\"widget\" data-widget_type=\"heading.default\">\n\t\t\t\t<div class=\"elementor-widget-container\">\n\t\t\t\t\t<h2 class=\"elementor-heading-title elementor-size-default\">Permite compartilhar facilmente os exames entre os usu\u00e1rios, m\u00e9dicos e pacientes.<\/h2>\t\t\t\t<\/div>\n\t\t\t\t<\/div>\n\t\t\t\t\t<\/div>\n\t\t<\/div>\n\t\t\t\t\t<\/div>\n\t\t<\/section>\n\t\t\t\t\t<\/div>\n\t\t<\/div>\n\t\t\t\t\t<\/div>\n\t\t<\/section>\n\t\t\t\t<\/div>\n\t\t","protected":false},"excerpt":{"rendered":"<p>OPTIX NUVEM: ARMAZENAMENTO SOLICITE UMA DEMO O Optix Nuvem uma ferramenta de armazenamento de dados em nuvem que n\u00e3o apenas reduz os custos operacionais, mas tamb\u00e9m garante a seguran\u00e7a e prote\u00e7\u00f5es dos dados, realizando backups autom\u00e1ticos e permitindo acesso \u00e1gil \u00e0s informa\u00e7\u00f5es dos pacientes. SEGURAN\u00c7A Armazenamento seguro em nuvem dos exames realizados. ACESSO REMOTO E [&hellip;]<\/p>\n","protected":false},"author":1,"featured_media":0,"parent":0,"menu_order":0,"comment_status":"closed","ping_status":"closed","template":"","meta":{"_joinchat":[],"footnotes":""},"class_list":["post-320","page","type-page","status-publish","hentry"],"_links":{"self":[{"href":"http:\/\/br614.teste.website\/~age67481\/optix\/wp-json\/wp\/v2\/pages\/320","targetHints":{"allow":["GET"]}}],"collection":[{"href":"http:\/\/br614.teste.website\/~age67481\/optix\/wp-json\/wp\/v2\/pages"}],"about":[{"href":"http:\/\/br614.teste.website\/~age67481\/optix\/wp-json\/wp\/v2\/types\/page"}],"author":[{"embeddable":true,"href":"http:\/\/br614.teste.website\/~age67481\/optix\/wp-json\/wp\/v2\/users\/1"}],"replies":[{"embeddable":true,"href":"http:\/\/br614.teste.website\/~age67481\/optix\/wp-json\/wp\/v2\/comments?post=320"}],"version-history":[{"count":25,"href":"http:\/\/br614.teste.website\/~age67481\/optix\/wp-json\/wp\/v2\/pages\/320\/revisions"}],"predecessor-version":[{"id":852,"href":"http:\/\/br614.teste.website\/~age67481\/optix\/wp-json\/wp\/v2\/pages\/320\/revisions\/852"}],"wp:attachment":[{"href":"http:\/\/br614.teste.website\/~age67481\/optix\/wp-json\/wp\/v2\/media?parent=320"}],"curies":[{"name":"wp","href":"https:\/\/api.w.org\/{rel}","templated":true}]}}